at is 32d7c + -3?
32d79
In base 7, what is 556 + -30316?
-26430
In base 10, what is -4 + 2852?
2848
In base 2, what is 101111 - -11101101100?
11110011011
In base 10, what is 338 - -168?
506
In base 6, what is -4402243 + 5?
-4402234
In base 8, what is 160524 + -5?
160517
In base 6, what is -1135 - -530?
-205
In base 3, what is 1000221 + -1011021?
-10100
In base 14, what is 4559 + 1?
455a
In base 4, what is -112223 - 33332?
-212221
In base 6, what is -11454 - -241?
-11213
In base 6, what is 1 + 45412?
45413
In base 15, what is 3c1d5 - 1?
3c1d4
In base 6, what is 1044510 + 130?
1045040
In base 3, what is 1 + -10011?
-10010
In base 2, what is -11110010111111010 + -11?
-11110010111111101
In base 8, what is 432533 + 3?
432536
In base 4, what is -2113 + 132?
-1321
In base 5, what is 3022 - -2013?
10040
In base 14, what is -65a - -1bd?
-47b
In base 2, what is 1 + -100101111?
-100101110
In base 6, what is -135 - -323044?
322505
In base 13, what is 380 + -28?
355
In base 13, what is 5 - 1144?
-113c
In base 9, what is 886362 + -2?
886360
In base 6, what is 2 - 204550?
-204544
In base 15, what is 84aa + 1?
84ab
In base 14, what is 0 + -5035d?
-5035d
In base 16, what is c + 4c62?
4c6e
In base 8, what is -65504 + -16?
-65522
In base 15, what is -b7d7 + -a?
-b7e2
In base 2, what is 100 + -1000010100011011?
-1000010100010111
In base 10, what is -3 + -18233?
-18236
In base 10, what is -1 + 69929?
69928
In base 2, what is 101110000011 + -111?
101101111100
In base 9, what is -1723 - 4406?
-6230
In base 7, what is -2 - -20610124?
20610122
In base 5, what is 102344 - -30303?
133202
In base 10, what is -89708 - 4?
-89712
In base 13, what is 0 - -12333?
12333
In base 12, what is 31646 + 3?
31649
In base 4, what is -212222211 + -11?
-212222222
In base 8, what is -4554 + -42?
-4616
In base 5, what is -1333310 + -3?
-1333313
In base 12, what is -744a7 + 2?
-744a5
In base 14, what is 0 + -1a9?
-1a9
In base 7, what is -4 - -41565?
41561
In base 8, what is -127316 + -53?
-127371
In base 13, what is -b38 - 0?
-b38
In base 9, what is -220352 + 4?
-220347
In base 5, what is 20400244 + 4?
20400303
In base 12, what is -1 + 544578?
544577
In base 13, what is b4 - 134c?
-1268
In base 8, what is -107732 - 0?
-107732
In base 15, what is -10c3 + 38?
-108a
In base 8, what is -2 - -1010161?
1010157
In base 8, what is -61 + 5474?
5413
In base 8, what is 2 - 43016?
-43014
In base 3, what is -10 + -2002?
-2012
In base 16, what is -3f0 + 319?
-d7
In base 3, what is -10120002000201 - 1?
-10120002000202
In base 12, what is -7a1 + 38?
-765
In base 14, what is a583 + 9?
a58c
In base 3, what is -1112 - 20100211?
-20102100
In base 15, what is -3 + -60e?
-612
In base 10, what is 13586 - -2?
13588
In base 10, what is -7 + -379017?
-379024
In base 14, what is -6 - -7419?
7413
In base 16, what is -2d805 - -3?
-2d802
In base 16, what is 7964 - 0?
7964
In base 16, what is 7bf5 + 4?
7bf9
In base 15, what is 3e + e60?
e9e
In base 7, what is -613450 - -13?
-613434
In base 16, what is 973 - 9fe?
-8b
In base 4, what is 2310 + 21213?
30123
In base 4, what is -322 + -12011?
-12333
In base 3, what is -102 + 1212112121?
1212112012
In base 3, what is 2 - -110110021102?
110110021111
In base 15, what is 1 + 308e?
3090
In base 4, what is -11 + -23111223?
-23111300
In base 9, what is 0 + -6246?
-6246
In base 3, what is -212211 - 21001?
-1010212
In base 11, what is 5 - -437a8a?
437a94
In base 13, what is -4 - -2c355a?
2c3556
In base 12, what is -21780 - 2?
-21782
In base 11, what is 2a756 - 112?
2a644
In base 10, what is -736 + -25?
-761
In base 2, what is -1101 + -110000000001010?
-110000000010111
In base 2, what is 11011010 - 1000110011101?
-1000011000011
In base 16, what is 10 - 1c0d?
-1bfd
In base 2, what is 11001110010011000 - 1?
11001110010010111
In base 8, what is -673 - 533?
-1426
In base 13, what is 2c5ac + 0?
2c5ac
In base 13, what is -5 - 705c?
-7064
In base 13, what is 1541 + -1b?
1523
In base 6, what is 3300514 - -5?
3300523
In base 11, what is -3 + 6a68?
6a65
In base 4, what is 1213 - 202021?
-200202
In base 13, what is -763 + 124?
-63c
In base 10, what is -948220 + -5?
-948225
In base 11, what is -5aa9a3 - -5?
-5aa999
In base 15, what is -14a + -258b?
-26d6
In base 8, what is 36602 + 25?
36627
In base 9, what is -772 + -1145?
-2027
In base 13, what is -552508 - -2?
-552506
In base 12, what is -9 - 13717?
-13724
In base 6, what is -444 + -134230?
-135114
In base 15, what is -2974a4 + -4?
-2974a8
In base 13, what is -45b40 - 4?
-45b44
In base 16, what is -35 - 571a?
-574f
In base 16, what is -11cb - 3?
-11ce
In base 8, what is -16 - 174?
-212
In base 16, what is 4 + 6ba?
6be
In base 9, what is 105 - 5683?
-5577
In base 15, what is -95 - -5b?
-39
In base 15, what is 890 + 6?
896
In base 15, what is -d261 + b?
-d255
In base 6, what is -14432 - -5?
-14423
In base 6, what is -13554234 - 1?
-13554235
In base 6, what is -1035 + 11?
-1024
In base 6, what is 2311 - -4231?
10542
In base 3, what is 1002002011 - 112?
1002001122
In base 15, what is -c09a - -1?
-c099
In base 10, what is -15 - 273254?
-273269
In base 6, what is 5 - 23412?
-23403
In base 14, what is -309 + -424?
-72d
In base 10, what is 4 + 8056?
8060
In base 16, what is -11a5e + 1?
-11a5d
In base 2, what is 1010 - 1000000110000?
-1000000100110
In base 7, what is 156105 + -3?
156102
In base 14, what is -2 - 8cb3d?
-8cb41
In base 11, what is 1 - a5092?
-a5091
In base 16, what is 2 + 45aab?
45aad
In base 13, what is 867a - -5?
8682
In base 9, what is 2 - 450687?
-450685
In base 12, what is 8 + 157b7?
15803
In base 16, what is -11d6b3 - -5?
-11d6ae
In base 3, what is 1 + 1202202101?
1202202102
In base 11, what is 1 + 4650?
4651
In base 2, what is 101011010000 - -1001101?
101100011101
In base 2, what is -11 + -101100001010000?
-101100001010011
In base 2, what is -1100001 + -101111011?
-111011100
In base 5, what is 10 + -1210133?
-1210123
In base 15, what is -38 + 2a1?
268
In base 10, what is 49574 - -5?
49579
In base 6, what is -121 - 121332?
-121453
In base 5, what is -102314213 - 3?
-102314221
In base 5, what is -123412033 + -2?
-123412040
In base 13, what is 4 + -97836?
-97832
In base 14, what is -7 - 2a41?
-2a48
In base 13, what is 0 - -3398?
3398
In base 11, what is 4 + -4a831?
-4a828
In base 5, what is -1132 + 431234?
430102
In base 15, what is -3 - -350ad?
350aa
In base 15, what is 7a2 + 86?
838
In base 7, what is -143 + 3330?
3154
In base 9, what is -552 + -1633?
-2285
In base 7, what is 3045365 - -3?
3045401
In base 2, what is 101100 + -11001100?
-10100000
In base 6, what is 2 - -12545550?
12545552
In base 12, what is -1 + -1b2a8?
-1b2a9
In base 9, what is -803 - -8261?
7357
In base 6, what is 1232 + 215?
1451
In base 11, what is -1246538 - 5?
-1246542
In base 6, what is -4 + -1542523?
-1542531
In base 13, what is 31ca - 69?
3161
In base 13, what is 1 + 150999?
15099a
In base 13, what is -3 - 676a?
-6770
In base 10, what is 5 + 567350?
567355
In base 5, what is 113442 + 10311?
124303
In base 9, what is -38 - -15422?
15373
In base 11, what is 18aa9 - a?
18a9a
In base 13, what is 2 - ab185?
-ab183
In base 14, what is c16b9 - -2?
c16bb
In base 12, what is 1 + 176030?
176031
In base 10, what is 377444 + 6?
377450
In base 13, what is 2a90 - 10?
2a80
In base 13, what is -18061 + -2?
-18063
In base 15, what is 17 + b88?
ba0
In base 7, what is -4436 - 62?
-4531
In base 3, what is -121 - 20011011?
-20011202
In base 7, what is 40 + 1242?
1312
In base 15, what is -20c83c + 2?
-20c83a
In base 2, what is 0 - -100001111010110101?
100001111010110101
In base 4, what is -233102311 + -23?
-233103000
In base 13, what is -12233 + -2?
-12235
In base 6, what is -4 - 514204?
-514212
In base 2, what is -10000110010 + 10000?
-10000100010
In base 5, what is 23131 + 42?
23223
In base 6, what is 12324054 - 12?
12324042
In base 16, what is 4 - 2a22f?
-2a22b
In base 7, what is -3001 - -165?
-2503
In base 9, what is -10367 - 0?
-10367
In base 8, what is 615 - -10272?
11107
In base 15, what is -834a - -9?
-8341
In base 10, what is 8132086 - -1?
8132087
In base 11, what is 468 + -361?
107
In base 4, what is -2313313 - -12?
-2313301
In base 15, what is 1cb - 118d?
-eb2
In base 6, what is 21 + -5511?
-5450
In base 13, what is -1 - 6a4a2?
-6a4a3
In base 14, what is -4 + -c1c